t is the units digit of s?
2
Let b(g) = 122 + 132 - 109 + 126*g + 85. What is the tens digit of b(7)?
1
Let d be 0/(7/(-49) - 75/(-35)). Suppose d = 10*x + x - 20251. What is the units digit of x?
1
Suppose 0 = 21*k + 73854 - 71825 - 199072. What is the hundreds digit of k?
3
Suppose -2249 = 7*q + 929. Let o = 868 + q. Suppose -7*u + u = -o. What is the tens digit of u?
6
Suppose 56*l - 57*l + 5*j + 52232 = 0, 3*l + 4*j = 156867. What is the ten thousands digit of l?
5
Let w(b) = -b**3 - 6 + 4 + 1 - 6*b - 86*b**2 + 91*b**2. Let z be w(3). What is the units digit of 376/(-12)*6*z/2?
4
Suppose -4*g - g + 20 = 0. Suppose -2*l = -3*x - 0 - g, 0 = 4*l + 2*x - 24. Suppose l*n = -j + 38, j - 2*n - n - 54 = 0. What is the tens digit of j?
4
Let c = -926 - -1109. What is the units digit of c?
3
Let m = -895 + 6602. What is the tens digit of m?
0
Let i be (-644)/(-138)*30/(-7). What is the hundreds digit of -8*(1695/i - 0)?
6
Suppose 0 = -11*m - 5*m - 28316 + 186700. What is the tens digit of m?
9
Suppose 70515 = 5*l + 5*k, -56376 = 25*l - 29*l + 5*k. What is the hundreds digit of l?
0
Let b(g) = -459*g + 3896. What is the ten thousands digit of b(-17)?
1
Suppose -4*r + 45073 = 143*k - 140*k, -2*r + 45083 = 3*k. What is the tens digit of k?
3
Let v be (7 - 4)/(1 + 0). Suppose 0 = s - 0*s + 389. What is the units digit of 6/(-9) + (s/(-3) - v)?
6
Let g(p) = -11*p + 33*p + 72 - 20 + 46. What is the units digit of g(10)?
8
Suppose 3*i + 4*i + 1470 = 0. Let h = -77 - i. What is the tens digit of h?
3
Suppose 3*z = -z + 8. Suppose -o = -2*v, -3*v + o = -z*o + 6. Suppose 0 = -5*i - 5, 783 = 4*u + v*i - 23. What is the tens digit of u?
0
Let n = -84 + -25. Let m = n + 879. What is the units digit of m?
0
Suppose 5*d = 3 + 7. Suppose -d*x - 5*y = 6, 0 = -5*x - 2*y + 1 + 5. Suppose v = x*a - 6*a + 534, 8 = -4*v. What is the units digit of a?
4
Suppose -5*s = u - 2, 2*u + 0*u + 11 = 5*s. What is the hundreds digit of u/(-6) - 8151/(-26)?
3
Suppose -34023 = -64*f + 53*f. What is the units digit of f?
3
Let b(z) = 8*z + 8*z - 31 + 3*z - 23*z + 39*z**2. Let o(q) = 10*q**2 - q - 8. Let w(k) = -2*b(k) + 9*o(k). What is the tens digit of w(4)?
7
Suppose 2342501 = 79*j - 1218266. What is the thousands digit of j?
5
Suppose 5632 = 4*a - 3*q, -5*q - 1425 = 14*a - 15*a. Suppose 3*r + 4*t = a, -3*r - 2*r + 2311 = -t. What is the hundreds digit of r?
4
Suppose 3*w - h - 55600 - 2456 = 0, 0 = 5*w + 5*h - 96720. What is the units digit of w?
0
Let m(t) = 10*t**2 + t**2 - 2*t**2 + 116*t - 102*t. Let y be 2/(((-5)/3)/5). What is the tens digit of m(y)?
4
Suppose -3*s - 760 = -13*s. Let p be (-2)/(-7) - s/(-28). Suppose 0*c + 196 = p*u - c, 5*u + 2*c - 345 = 0. What is the units digit of u?
7
Suppose 2*c - 94691 = 78497. What is the thousands digit of c?
6
Suppose -5*d = 2*s + 29, -s - 3*d = 11 + 6. Let a be (1408/10)/s + (-16)/(-40). What is the units digit of (-2)/(-7) + (-6770)/a?
7
Suppose -13*f + 192 + 68 = 0. What is the units digit of -2 - (-11)/5 - (-756)/f?
8
Suppose -15 + 7 = -2*j. Suppose 0 = -j*x + 5*x - 188. Suppose 0 = 5*f - 382 - x. What is the units digit of f?
4
Suppose 5*t = 5, 2*t + 1022669 + 391921 = 23*n. What is the tens digit of n?
0
Let m(k) = 328*k - 243. What is the thousands digit of m(23)?
7
Let y = 8494 - 2581. What is the thousands digit of y?
5
Suppose -n = -2*n, -n = -s - 6. What is the units digit of (s/5)/(2/(-125))?
5
Let z(m) = -24*m + 17. Let l(i) = 72*i - 49. Let h(x) = -3*l(x) - 8*z(x). What is the tens digit of h(-3)?
8
Suppose -11*n + 63112 = -51596. What is the thousands digit of n?
0
Let u(n) = 76*n + 67 + 7 - 34 - 26*n. What is the hundreds digit of u(36)?
8
Let q = -295 + 265. What is the units digit of (q/25)/(7/(-1050))?
0
Let b(o) be the second derivative of -o**5/20 - 4*o**4/3 + 23*o**3/3 + 35*o**2/2 + o - 3. What is the tens digit of b(-19)?
4
Let l(m) = -50*m - 4. Let s be l(-9). Let d = s + -982. What is the tens digit of (d/(-10) - 2)*(-5)/(-2)?
2
Let i be (396/(-176))/((-1)/104). Let o = 426 - i. What is the units digit of o?
2
Let a(i) = -i**3 - 3*i**2 - 8*i - 12. Let t be a(-4). What is the units digit of (-38)/((-39)/t - -1)?
6
Let o(v) = 482*v + 23. Let t be o(-1). Let w = t - -653. What is the units digit of w?
4
Suppose -740*d = -761*d + 107289. What is the tens digit of d?
0
Suppose -2*g = -3395 - 20545. What is the thousands digit of g?
1
Suppose 3*q = 4*q - n - 7488, -2*q - 5*n + 14997 = 0. What is the thousands digit of q?
7
Let r = 6713 - -6543. What is the tens digit of r?
5
Let m be 0/(5 + 3/(-1)). Suppose -4*h + 33 = -3*a, -h + 4*a - a + 6 = m. Suppose -2290 = -s - h*s. What is the units digit of s?
9
Let w = -784 - -786. Suppose a = 3 + w, 2*s + 2*a = 3956. What is the thousands digit of s?
1
Suppose 224 = -2*v + 3*o - 655, 2*o - 2 = 0. Let y = 536 + v. What is the tens digit of y?
9
Let l(h) = 2*h - 7. Let u be l(5). Suppose u*y - 2*z = -z + 20, y + 2*z - 9 = 0. Suppose -y*s + 236 = 61. What is the tens digit of s?
2
Let v = 16 + -13. Suppose -q = 4*z + 59, 7*z = v*q + 3*z + 129. Let f = 98 + q. What is the tens digit of f?
5
Let y(b) = -116*b + 700. Let k be y(4). Let t be ((-11)/3)/(1/(-66)). Suppose -u = -3*u - 5*p + t, k = 2*u + 2*p. What is the tens digit of u?
1
Let p(t) = 8*t**3 - t**2 - 159*t - 53. What is the units digit of p(18)?
7
Let n(w) = 560*w**2 + 41*w - 101. What is the units digit of n(4)?
3
Suppose -5*n = 2*n - 1673. Suppose -803 = -4*s - n. What is the units digit of (s/6)/(6/12)?
7
Let i(l) = -2*l - 14. Let o be i(-9). Suppose o*m = -2*t - t + 1317, 2*m = t + 671. What is the hundreds digit of m?
3
Suppose 9*a = 3*a + 48. Suppose -271 = a*t + 145. Let i = 167 + t. What is the tens digit of i?
1
Suppose 5*o = d - 1304, -10*o + 14*o + 5232 = 4*d. Let h = 3094 - d. What is the hundreds digit of h?
7
Let d(l) be the third derivative of -31*l**6/60 + l**5/30 + l**4/2 + 2*l**3 - 9*l**2. What is the units digit of d(-1)?
4
Suppose -3*x - 97674 = -2*d, -6*x + 44990 - 191498 = -3*d. What is the units digit of d?
0
Suppose 3*o - z = 11, 2*o - 5 + 3 = 2*z. Suppose -3*g + o*c + 41 = -g, -2*g + 2*c + 26 = 0. Suppose -177 + g = -h. What is the units digit of h?
9
Let p be 9150/8 - (-39)/(-52). Suppose 0 = 7*x - 1503 - p. What is the units digit of x?
8
Suppose 4*j - 42 - 50 = 0. Suppose -j = 6*s - 23. Suppose -5*i + 12 + 3 = s, 0 = 2*k + 4*i - 314. What is the units digit of k?
1
Let s(f) = -4*f**2 - 35*f - 22. Let n be s(-8). What is the units digit of (-159152)/(-240) + n/(-15)?
3
Suppose -7725 = -11*u + 998. Suppose 0 = 23*a - 22*a - u. What is the hundreds digit of a?
7
Suppose 7*y - 310449 - 120003 = -37*y. What is the units digit of y?
3
Suppose -29*p - 35728 + 316638 = -408652. What is the hundreds digit of p?
7
Let n(j) = -465*j**3 + j + 1. Let o be n(-1). Suppose -2*g - 3*g = -o. Suppose -k + g = -10. What is the hundreds digit of k?
1
Let f(r) = -r**3 + 19*r**2 + 2*r - 13. Let b(k) = k**2 + 18*k + 10. Let p be b(-13). Let z = p - -74. What is the tens digit of f(z)?
2
Suppose c - 10978 - 22530 = 0. What is the tens digit of c?
0
Let k = 39 - 36. What is the tens digit of k/1 + -6 + (615 - 0)?
1
Let h(u) = 1372*u - 1096. What is the thousands digit of h(5)?
5
Let n = 35 + -44. What is the units digit of n/36 - 3735/(-12)?
1
Let b = 390 - -38. Let x = b + 904. What is the hundreds digit of x?
3
Let q(t) = -59*t - 231. Let m be q(-4). Suppose -4711 = -3*j + m*s - 440, 2*s + 4268 = 3*j. What is the hundreds digit of j?
4
Suppose 148 - 38 = 10*j. Suppose -3*u + 7 = 4*t, 2*u + j = 4*t - 11. Suppose -184 = -2*m + 2*o, 7*o - 500 = -5*m + t*o. What is the tens digit of m?
9
Let z = -10139 - -13917. What is the hundreds digit of z?
7
Suppose 0 = -137*w + 235*w - 1646718 + 121054. What is the ten thousands digit of w?
1
Let d = 2378 + -1671. Let y = d + -64. What is the hundreds digit of y?
6
Let g(o) = -o**3 + 8*o**2 - 3*o + 14. Let z be g(7). Suppose q - 46 = -z. Suppose -34 = f - 2*f + v, 136 = q*f - 2*v. What is the tens digit of f?
3
Let h(u) = 2*u**2 + 255. Let t be h(0). Suppose 135 = i - t. What is the hundreds digit of i?
3
Suppose 169 + 86 = u - 5*v, -3*u - 2*v + 833 = 0. Suppose -3*c + f + 1492 = -u, 4*f = 2*c - 1168. What is the tens digit of c?
9
Let t(o) = -143*o - 150. Let b be t(-19).